
False
Is 213120 a multiple of 60?
True
Is 4 a factor of 2769265?
False
Is 15 a factor of 263295?
True
Is 4 a factor of 83768?
True
Does 1656 divide 2500363?
False
Does 8 divide 788250?
False
Does 16 divide 1185085?
False
Does 117 divide 209547?
True
Is 63546 a multiple of 14?
True
Is 67159 a multiple of 2?
False
Is 8 a factor of 204512?
True
Is 566971 a multiple of 6?
False
Does 134 divide 14057404?
True
Is 408722 a multiple of 43?
False
Does 24 divide 6536?
False
Is 27 a factor of 3926969?
False
Is 149 a factor of 400370?
False
Is 30 a factor of 2293043?
False
Does 11 divide 213477?
True
Is 739 a factor of 92375?
True
Does 439 divide 7960387?
True
Does 13 divide 351208?
True
Does 60 divide 275400?
True
Is 49 a factor of 19493?
False
Is 167 a factor of 371074?
True
Is 16 a factor of 36563?
False
Does 357 divide 4998?
True
Is 131776 a multiple of 232?
True
Is 416375 a multiple of 3?
False
Is 7 a factor of 5583774?
True
Does 14 divide 62510?
True
Is 169630 a multiple of 36?
False
Is 422013 a multiple of 25?
False
Does 12 divide 81408?
True
Is 23514 a multiple of 2?
True
Is 6066393 a multiple of 1306?
False
Is 563201 even?
False
Is 2917970 a multiple of 647?
True
Is 21 a factor of 408555?
True
Is 3963996 a multiple of 447?
True
Does 96 divide 7022?
False
Does 111 divide 315279?
False
Is 169508 a multiple of 124?
True
Is 48 a factor of 2221824?
True
Is 804724 a multiple of 582?
False
Is 446 a factor of 3067901?
False
Is 104 a factor of 4698304?
True
Does 431 divide 172659?
False
Is 2029159 a multiple of 1013?
False
Does 39 divide 193830?
True
Is 83248 a multiple of 13?
False
Is 23 a factor of 4643560?
False
Is 9060 a multiple of 10?
True
Is 63131 a multiple of 315?
False
Does 31 divide 349711?
True
Is 112770 a multiple of 6?
True
Does 110 divide 63381?
False
Is 1876494 a multiple of 396?
False
Is 39 a factor of 290199?
True
Does 69 divide 2489028?
False
Does 69 divide 817512?
True
Is 4284787 a multiple of 13?
True
Does 506 divide 1942045?
False
Is 12 a factor of 2393928?
True
Is 444203 a multiple of 6?
False
Is 23930433 a multiple of 232?
False
Is 290213 a multiple of 42?
False
Is 338533 a multiple of 13?
True
Does 351 divide 3526497?
True
Is 6363903 a multiple of 13?
True
Does 166 divide 274806?
False
Is 38722 a multiple of 547?
False
Does 31 divide 7350968?
True
Is 21847 a multiple of 7?
True
Does 33 divide 9818589?
True
Is 4 a factor of 2228?
True
Is 193116 a multiple of 34?
False
Does 5 divide 1173840?
True
Is 332019 a multiple of 67?
False
Does 81 divide 158844?
False
Is 21 a factor of 1020075?
True
Is 4439512 a multiple of 11?
True
Is 78078 a multiple of 169?
True
Is 325606 a multiple of 97?
False
Does 686 divide 2610916?
True
Is 401947 a multiple of 91?
True
Does 237 divide 151999?
False
Is 121 a factor of 741730?
True
Does 368 divide 125643?
False
Is 70 a factor of 273280?
True
Is 6 a factor of 698982?
True
Is 19686 a multiple of 39?
False
Is 1956307 a multiple of 1242?
False
Is 18 a factor of 89442?
True
Is 16 a factor of 5380644?
False
Is 911 a factor of 375332?
True
Does 44 divide 1858955?
False
Does 140 divide 445566?
False
Is 17 a factor of 59891?
True
Is 18 a factor of 552513?
False
Is 70872 a multiple of 75?
False
Is 11 a factor of 4844796?
True
Is 207 a factor of 61065?
True
Does 38 divide 451045?
False
Is 23 a factor of 71164?
False
Does 20 divide 7139921?
False
Is 100 a factor of 704019?
False
Is 35 a factor of 256550?
True
Is 60391 a multiple of 50?
False
Does 172 divide 59218?
False
Is 2676695 a multiple of 10?
False
Is 120 a factor of 6023160?
True
Is 18 a factor of 24395?
False
Does 53 divide 709511?
True
Is 288 a factor of 248264?
False
Is 302 a factor of 466590?
True
Is 17 a factor of 118743?
False
Does 5 divide 64208?
False
Does 265 divide 96984?
False
Does 92 divide 1829236?
True
Is 102426 a multiple of 119?
False
Does 336 divide 187824?
True
Does 9 divide 340746?
False
Does 1104 divide 2599920?
True
Is 246 a factor of 229764?
True
Is 158 a factor of 281775?
False
Does 2929 divide 29316722?
False
Is 136 a factor of 1746291?
False
Is 2645694 a multiple of 540?
False
Does 421 divide 870150?
False
Does 125 divide 3832741?
False
Is 3252133 a multiple of 53?
True
Does 27 divide 1692224?
False
Does 208 divide 768618?
False
Is 31 a factor of 3180406?
False
Is 16 a factor of 472171?
False
Is 498 a factor of 309756?
True
Is 233 a factor of 328008?
False
Is 15 a factor of 3171735?
True
Is 4479660 a multiple of 20?
True
Does 25 divide 907400?
True
Is 34632 a multiple of 24?
True
Does 93 divide 4200531?
True
Does 205 divide 3693280?
True
Is 410820 a multiple of 117?
False
Is 361175 a multiple of 12?
False
Is 2452197 a multiple of 209?
True
Is 9 a factor of 1357944?
False
Is 1873228 a multiple of 898?
True
Is 211141 a multiple of 49?
True
Is 4309203 a multiple of 14?
False
Does 41 divide 4707978?
False
Is 5 a factor of 19080?
True
Is 1082929 a multiple of 5?
False
Is 141310 a multiple of 10?
True
Does 11 divide 140688?
False
Does 9 divide 99405?
True
Is 90 a factor of 2126648?
False
Is 6 a factor of 92665?
False
Is 22 a factor of 435886?
True
Is 883 a factor of 2679905?
True
Is 176 a factor of 5002272?
True
Is 9570112 a multiple of 48?
False
Is 206245 a multiple of 178?
False
Is 2619 a multiple of 3?
True
Does 11 divide 18953?
True
Is 151838 a multiple of 246?
False
Is 96915 a multiple of 11?
False
Is 3185094 a multiple of 13?
False
Is 332 a factor of 250328?
True
Is 11315241 a multiple of 1233?
True
Is 856062 a multiple of 747?
True
Is 887 a factor of 8058068?
False
Does 248 divide 111848?
True
Is 33 a factor of 8446548?
True
Is 144 a factor of 398592?
True
Is 45 a factor of 7088996?
False
Is 495503 a multiple of 126?
False
Is 978832 a multiple of 524?
True
Is 5282 a multiple of 4?
False
Is 533164 a multiple of 41?
True
Is 15332245 a multiple of 37?
True
Does 73 divide 123370?
True
Does 182 divide 167804?
True
Does 154 divide 356356?
True
Does 16 divide 190144?
True
Is 6063624 a multiple of 24?
True
Is 3454675 a multiple of 17?
False
Does 16 divide 646628?
False
Is 329 a factor of 745151?
False
Is 481008 a multiple of 4?
True
Is 9919393 a multiple of 167?
False
Does 252 divide 499032?
False
Is 16 a factor of 306483?
False
Does 91 divide 256712?
False
Is 106 a factor of 1147132?
True
Is 203401 a multiple of 328?
False
Is 4720930 a multiple of 158?
False
Is 6 a factor of 122040?
True
Is 48840 a multiple of 33?
True
Does 274 divide 147409?
False
Is 5150 a multiple of 25?
True
Is 136881 a multiple of 67?
True
Does 10 divide 94461?
False
Is 554862 a multiple of 224?
False
Is 8 a factor of 503456?
True
Is 212 a factor of 2572125?
False
Is 16 a factor of 2540128?
True
Is 4190720 a multiple of 10?
True
Is 1314020 a multiple of 144?
False
Does 129 divide 468669?
False
Does 166 divide 5524624?
False
Does 389 divide 1139770?
True
Is 10670391 a multiple of 193?
True
Does 545 divide 11125645?
False
Is 52 a factor of 793364?
True
Is 21 a factor of 1637748?
True
Is 8 a factor of 927161?
False
Is 9 a factor of 1114254?
True
Is 71057 a multiple of 31?
False
Is 1624939 a multiple of 55?
False
Does 21 divide 258153?
True
Is 9 a factor of 1752894?
True
Is 48129 a multiple of 16?
False
Is 28 a factor of 153043?
False
Is 65643 a multiple of 2?
False
Is 1940215 a multiple of 5?
True
Is 2954026 a multiple of 76?
False
Is 8591953 a multiple of 594?
False
Is 216 a factor of 184027?
False
Is 6473 a multiple of 4?
False
Is 20996982 a multiple of 81?
True
Is 255780 a multiple of 203?
True
Does 2 divide 696580?
True
Does 67 divide 806674?
False
Is 13 a factor of 261072?
False
Is 14 a factor of 48302?
False
Does 17 divide 771324?
True
Does 290 divide 88450?
True
Does 7 divide 113081?
False
Is 6 a factor of 18873984?
True
Is 13802085 a multiple of 5?
True
Is 7460427 a multiple of 233?
True
Does 12 divide 412200?
True
Does 102 divide 3561228?
True
Is 2147740 a multiple of 28?
True
Is 7354437 a multiple of 945?
False
Does 17 divide 64254?
False
Does 213 divide 294153?
True
Is 201392 a multiple of 14?
False
Is 21210 a multiple of 15?
True
Is 13 a factor of 203957?
True
Does 134 divide 4406322?
True
Is 216 a factor of 7757415?
False
Is 237 a factor of 109020?
True
Is 39098 a multiple of 50?
False
Is 28 a factor of 1311835?
False
Is 224740 a multiple of 85?
True
I